{"id":15413,"date":"2020-05-22T18:25:23","date_gmt":"2020-05-22T18:25:23","guid":{"rendered":"https:\/\/kdham.com\/kdhamproducts\/?post_type=product&#038;p=15413"},"modified":"2024-10-13T08:00:31","modified_gmt":"2024-10-13T08:00:31","slug":"yoga-karika","status":"publish","type":"product","link":"https:\/\/kdham.com\/kdhamproducts\/product\/yoga-karika\/","title":{"rendered":"Yoga Karika"},"content":{"rendered":"<p>Translation of this text as this text elucidates the various concepts and practices of Patanjala Yoga Sutra, expected to be immensely beneficial to all those who do not understand the Sanskrit language. While translating the Sanskrit text in English it is well known fact that we do not find appropriate terminology in English or in any other language to convey the proper connotation of Sanskrit terms and therefore, it was thought necessary to retain the original Sanskrit words in the translation or sometimes in brackets.<\/p>\n<p>Secondly, while rendering Sanskrit terms in any other language one has to follow the traditional method wherein the Sanskrit words are translated word by word keeping the contextual meaning in mind and that is the reason why word-to-word meaning has also been given in the translation. In doing so, a lot of care has been taken to see that this English translation of Yoga K\u0101rik\u0101 is close to the thoughts of its author. And we hope that the present translation will prove immensely pertinent in deciphering the traditional import of Pata\u00f1jala Yoga Sutra through this master work i.e. Yoga K\u0101rik\u0101 of Swami Harihar\u0101nanda Aranya.<\/p>\n","protected":false},"excerpt":{"rendered":"<p>(With Yogasutras, transliteration, English translation and special notes) by Swami Maheshananda, Dr. BR Sharma, Shri GS Sahay and Shri RK Bodhe.<\/p>\n<p>Softcover<\/p>\n<p>ISBN 818948545-8<\/p>\n<p>Pages 228<\/p>\n<p>Size 5.5\u201d x 8.5\u201d<\/p>\n","protected":false},"featured_media":16242,"comment_status":"open","ping_status":"closed","template":"","meta":{"_eb_attr":""},"product_cat":[236],"product_tag":[],"class_list":{"0":"post-15413","1":"product","2":"type-product","3":"status-publish","4":"has-post-thumbnail","6":"product_cat-philosophy","8":"first","9":"instock","10":"shipping-taxable","11":"purchasable","12":"product-type-simple"},"yoast_head":"<!-- This site is optimized with the Yoast SEO plugin v23.9 - https:\/\/yoast.com\/wordpress\/plugins\/seo\/ -->\n<title>Yoga Karika - Kdhamproducts - Buy Online Kaivalyadhama Publications<\/title>\n<meta name=\"robots\" content=\"index, follow, max-snippet:-1, max-image-preview:large, max-video-preview:-1\" \/>\n<link rel=\"canonical\" href=\"https:\/\/kdham.com\/kdhamproducts\/product\/yoga-karika\/\" \/>\n<meta property=\"og:locale\" content=\"en_US\" \/>\n<meta property=\"og:type\" content=\"article\" \/>\n<meta property=\"og:title\" content=\"Yoga Karika - Kdhamproducts - Buy Online Kaivalyadhama Publications\" \/>\n<meta property=\"og:description\" content=\"(With Yogasutras, transliteration, English translation and special notes) by Swami Maheshananda, Dr. BR Sharma, Shri GS Sahay and Shri RK Bodhe.  Softcover  ISBN 818948545-8  Pages 228  Size 5.5\u201d x 8.5\u201d\" \/>\n<meta property=\"og:url\" content=\"https:\/\/kdham.com\/kdhamproducts\/product\/yoga-karika\/\" \/>\n<meta property=\"og:site_name\" content=\"Kdhamproducts - Buy Online Kaivalyadhama Publications\" \/>\n<meta property=\"article:modified_time\" content=\"2024-10-13T08:00:31+00:00\" \/>\n<meta property=\"og:image\" content=\"https:\/\/kdham.com\/kdhamproducts\/wp-content\/uploads\/2020\/05\/book-25.jpg\" \/>\n\t<meta property=\"og:image:width\" content=\"600\" \/>\n\t<meta property=\"og:image:height\" content=\"957\" \/>\n\t<meta property=\"og:image:type\" content=\"image\/jpeg\" \/>\n<meta name=\"twitter:card\" content=\"summary_large_image\" \/>\n<meta name=\"twitter:label1\" content=\"Est. reading time\" \/>\n\t<meta name=\"twitter:data1\" content=\"1 minute\" \/>\n<script type=\"application\/ld+json\" class=\"yoast-schema-graph\">{\"@context\":\"https:\/\/schema.org\",\"@graph\":[{\"@type\":\"WebPage\",\"@id\":\"https:\/\/kdham.com\/kdhamproducts\/product\/yoga-karika\/\",\"url\":\"https:\/\/kdham.com\/kdhamproducts\/product\/yoga-karika\/\",\"name\":\"Yoga Karika - Kdhamproducts - Buy Online Kaivalyadhama Publications\",\"isPartOf\":{\"@id\":\"https:\/\/kdham.com\/kdhamproducts\/#website\"},\"primaryImageOfPage\":{\"@id\":\"https:\/\/kdham.com\/kdhamproducts\/product\/yoga-karika\/#primaryimage\"},\"image\":{\"@id\":\"https:\/\/kdham.com\/kdhamproducts\/product\/yoga-karika\/#primaryimage\"},\"thumbnailUrl\":\"https:\/\/kdham.com\/kdhamproducts\/wp-content\/uploads\/2020\/05\/book-25.jpg\",\"datePublished\":\"2020-05-22T18:25:23+00:00\",\"dateModified\":\"2024-10-13T08:00:31+00:00\",\"breadcrumb\":{\"@id\":\"https:\/\/kdham.com\/kdhamproducts\/product\/yoga-karika\/#breadcrumb\"},\"inLanguage\":\"en-US\",\"potentialAction\":[{\"@type\":\"ReadAction\",\"target\":[\"https:\/\/kdham.com\/kdhamproducts\/product\/yoga-karika\/\"]}]},{\"@type\":\"ImageObject\",\"inLanguage\":\"en-US\",\"@id\":\"https:\/\/kdham.com\/kdhamproducts\/product\/yoga-karika\/#primaryimage\",\"url\":\"https:\/\/kdham.com\/kdhamproducts\/wp-content\/uploads\/2020\/05\/book-25.jpg\",\"contentUrl\":\"https:\/\/kdham.com\/kdhamproducts\/wp-content\/uploads\/2020\/05\/book-25.jpg\",\"width\":600,\"height\":957},{\"@type\":\"BreadcrumbList\",\"@id\":\"https:\/\/kdham.com\/kdhamproducts\/product\/yoga-karika\/#breadcrumb\",\"itemListElement\":[{\"@type\":\"ListItem\",\"position\":1,\"name\":\"Home\",\"item\":\"https:\/\/kdham.com\/kdhamproducts\/\"},{\"@type\":\"ListItem\",\"position\":2,\"name\":\"Shop\",\"item\":\"https:\/\/kdham.com\/kdhamproducts\/shop\/\"},{\"@type\":\"ListItem\",\"position\":3,\"name\":\"Yoga Karika\"}]},{\"@type\":\"WebSite\",\"@id\":\"https:\/\/kdham.com\/kdhamproducts\/#website\",\"url\":\"https:\/\/kdham.com\/kdhamproducts\/\",\"name\":\"Kdhamproducts - Buy Online Kaivalyadhama Publications\",\"description\":\"Kaivalyadhama - Where Yoga Tradition and science meet\",\"potentialAction\":[{\"@type\":\"SearchAction\",\"target\":{\"@type\":\"EntryPoint\",\"urlTemplate\":\"https:\/\/kdham.com\/kdhamproducts\/?s={search_term_string}\"},\"query-input\":{\"@type\":\"PropertyValueSpecification\",\"valueRequired\":true,\"valueName\":\"search_term_string\"}}],\"inLanguage\":\"en-US\"}]}<\/script>\n<!-- \/ Yoast SEO plugin. -->","yoast_head_json":{"title":"Yoga Karika - Kdhamproducts - Buy Online Kaivalyadhama Publications","robots":{"index":"index","follow":"follow","max-snippet":"max-snippet:-1","max-image-preview":"max-image-preview:large","max-video-preview":"max-video-preview:-1"},"canonical":"https:\/\/kdham.com\/kdhamproducts\/product\/yoga-karika\/","og_locale":"en_US","og_type":"article","og_title":"Yoga Karika - Kdhamproducts - Buy Online Kaivalyadhama Publications","og_description":"(With Yogasutras, transliteration, English translation and special notes) by Swami Maheshananda, Dr. BR Sharma, Shri GS Sahay and Shri RK Bodhe.  Softcover  ISBN 818948545-8  Pages 228  Size 5.5\u201d x 8.5\u201d","og_url":"https:\/\/kdham.com\/kdhamproducts\/product\/yoga-karika\/","og_site_name":"Kdhamproducts - Buy Online Kaivalyadhama Publications","article_modified_time":"2024-10-13T08:00:31+00:00","og_image":[{"width":600,"height":957,"url":"https:\/\/kdham.com\/kdhamproducts\/wp-content\/uploads\/2020\/05\/book-25.jpg","type":"image\/jpeg"}],"twitter_card":"summary_large_image","twitter_misc":{"Est. reading time":"1 minute"},"schema":{"@context":"https:\/\/schema.org","@graph":[{"@type":"WebPage","@id":"https:\/\/kdham.com\/kdhamproducts\/product\/yoga-karika\/","url":"https:\/\/kdham.com\/kdhamproducts\/product\/yoga-karika\/","name":"Yoga Karika - Kdhamproducts - Buy Online Kaivalyadhama Publications","isPartOf":{"@id":"https:\/\/kdham.com\/kdhamproducts\/#website"},"primaryImageOfPage":{"@id":"https:\/\/kdham.com\/kdhamproducts\/product\/yoga-karika\/#primaryimage"},"image":{"@id":"https:\/\/kdham.com\/kdhamproducts\/product\/yoga-karika\/#primaryimage"},"thumbnailUrl":"https:\/\/kdham.com\/kdhamproducts\/wp-content\/uploads\/2020\/05\/book-25.jpg","datePublished":"2020-05-22T18:25:23+00:00","dateModified":"2024-10-13T08:00:31+00:00","breadcrumb":{"@id":"https:\/\/kdham.com\/kdhamproducts\/product\/yoga-karika\/#breadcrumb"},"inLanguage":"en-US","potentialAction":[{"@type":"ReadAction","target":["https:\/\/kdham.com\/kdhamproducts\/product\/yoga-karika\/"]}]},{"@type":"ImageObject","inLanguage":"en-US","@id":"https:\/\/kdham.com\/kdhamproducts\/product\/yoga-karika\/#primaryimage","url":"https:\/\/kdham.com\/kdhamproducts\/wp-content\/uploads\/2020\/05\/book-25.jpg","contentUrl":"https:\/\/kdham.com\/kdhamproducts\/wp-content\/uploads\/2020\/05\/book-25.jpg","width":600,"height":957},{"@type":"BreadcrumbList","@id":"https:\/\/kdham.com\/kdhamproducts\/product\/yoga-karika\/#breadcrumb","itemListElement":[{"@type":"ListItem","position":1,"name":"Home","item":"https:\/\/kdham.com\/kdhamproducts\/"},{"@type":"ListItem","position":2,"name":"Shop","item":"https:\/\/kdham.com\/kdhamproducts\/shop\/"},{"@type":"ListItem","position":3,"name":"Yoga Karika"}]},{"@type":"WebSite","@id":"https:\/\/kdham.com\/kdhamproducts\/#website","url":"https:\/\/kdham.com\/kdhamproducts\/","name":"Kdhamproducts - Buy Online Kaivalyadhama Publications","description":"Kaivalyadhama - Where Yoga Tradition and science meet","potentialAction":[{"@type":"SearchAction","target":{"@type":"EntryPoint","urlTemplate":"https:\/\/kdham.com\/kdhamproducts\/?s={search_term_string}"},"query-input":{"@type":"PropertyValueSpecification","valueRequired":true,"valueName":"search_term_string"}}],"inLanguage":"en-US"}]}},"_links":{"self":[{"href":"https:\/\/kdham.com\/kdhamproducts\/wp-json\/wp\/v2\/product\/15413","targetHints":{"allow":["GET"]}}],"collection":[{"href":"https:\/\/kdham.com\/kdhamproducts\/wp-json\/wp\/v2\/product"}],"about":[{"href":"https:\/\/kdham.com\/kdhamproducts\/wp-json\/wp\/v2\/types\/product"}],"replies":[{"embeddable":true,"href":"https:\/\/kdham.com\/kdhamproducts\/wp-json\/wp\/v2\/comments?post=15413"}],"wp:featuredmedia":[{"embeddable":true,"href":"https:\/\/kdham.com\/kdhamproducts\/wp-json\/wp\/v2\/media\/16242"}],"wp:attachment":[{"href":"https:\/\/kdham.com\/kdhamproducts\/wp-json\/wp\/v2\/media?parent=15413"}],"wp:term":[{"taxonomy":"product_cat","embeddable":true,"href":"https:\/\/kdham.com\/kdhamproducts\/wp-json\/wp\/v2\/product_cat?post=15413"},{"taxonomy":"product_tag","embeddable":true,"href":"https:\/\/kdham.com\/kdhamproducts\/wp-json\/wp\/v2\/product_tag?post=15413"}],"curies":[{"name":"wp","href":"https:\/\/api.w.org\/{rel}","templated":true}]}}