{"id":15455,"date":"2020-05-22T18:47:26","date_gmt":"2020-05-22T18:47:26","guid":{"rendered":"https:\/\/kdham.com\/kdhamproducts\/?post_type=product&#038;p=15455"},"modified":"2024-10-13T07:42:33","modified_gmt":"2024-10-13T07:42:33","slug":"amrtasiddhiyogah","status":"publish","type":"product","link":"https:\/\/kdham.com\/kdhamproducts\/product\/amrtasiddhiyogah\/","title":{"rendered":"Amrtasiddhiyogah"},"content":{"rendered":"<p>Am\u1e5btasidhiyoga\u1e25 is a treatise on siddhayoga. According to its colophon it is composed by a siddha yogi whose name is Vir\u016bp\u0101k\u1e63a Siddha. The word &#8216;Siddha&#8217; indicates that he is related to the Siddha Sampradaya. Actually the members of this sampradaya were followers of Gorak\u1e63anatha who is said to have been a great yogi of the Nath Sampradaya. Here, in this book, Gorak\u1e63an\u0101tha has been mentioned to be the guru of the siddhas.<\/p>\n<p>The subject matter of this book is a kind of yoga whose practitioners hold that the human body is a miniature form of the whole universe. For it is said: &#8216;Trailokye yani tattv\u0101ni t\u0101ni sarv\u0101\u0146i dehata\u1e25&#8230;'(What exists in the three worlds can be found in human body). So the author describes, one by one, \u015bar\u012braviveka\u1e25, candra, candrasurya, vahni, bija, citta, mah\u0101mudr\u0101, mah\u0101bandha, gu\u0146a, vayu etc. The author describes some yogic bandhas and mudr\u0101s and some way of meditation also for the benefit of practitioners to achieve am\u1e5btasiddhi and esoteric power through the practice of them.<\/p>\n","protected":false},"excerpt":{"rendered":"<p>Am\u1e5btasidhiyoga\u1e25 is a treatise on siddhayoga. According to its colophon it is composed by a siddha yogi whose name is Vir\u016bp\u0101k\u1e63a Siddha. The word &#8216;Siddha&#8217; indicates that he is related&#8230;<\/p>\n","protected":false},"featured_media":16216,"comment_status":"open","ping_status":"closed","template":"","meta":{"_eb_attr":""},"product_cat":[231],"product_tag":[],"class_list":{"0":"post-15455","1":"product","2":"type-product","3":"status-publish","4":"has-post-thumbnail","6":"product_cat-hath-yoga-text","8":"first","9":"instock","10":"shipping-taxable","11":"purchasable","12":"product-type-simple"},"yoast_head":"<!-- This site is optimized with the Yoast SEO plugin v23.9 - https:\/\/yoast.com\/wordpress\/plugins\/seo\/ -->\n<title>Amrtasiddhiyogah - Kdhamproducts - Buy Online Kaivalyadhama Publications<\/title>\n<meta name=\"robots\" content=\"index, follow, max-snippet:-1, max-image-preview:large, max-video-preview:-1\" \/>\n<link rel=\"canonical\" href=\"https:\/\/kdham.com\/kdhamproducts\/product\/amrtasiddhiyogah\/\" \/>\n<meta property=\"og:locale\" content=\"en_US\" \/>\n<meta property=\"og:type\" content=\"article\" \/>\n<meta property=\"og:title\" content=\"Amrtasiddhiyogah - Kdhamproducts - Buy Online Kaivalyadhama Publications\" \/>\n<meta property=\"og:description\" content=\"Am\u1e5btasidhiyoga\u1e25 is a treatise on siddhayoga. According to its colophon it is composed by a siddha yogi whose name is Vir\u016bp\u0101k\u1e63a Siddha. The word &#8216;Siddha&#8217; indicates that he is related...\" \/>\n<meta property=\"og:url\" content=\"https:\/\/kdham.com\/kdhamproducts\/product\/amrtasiddhiyogah\/\" \/>\n<meta property=\"og:site_name\" content=\"Kdhamproducts - Buy Online Kaivalyadhama Publications\" \/>\n<meta property=\"article:modified_time\" content=\"2024-10-13T07:42:33+00:00\" \/>\n<meta property=\"og:image\" content=\"https:\/\/kdham.com\/kdhamproducts\/wp-content\/uploads\/2020\/05\/book-50.jpg\" \/>\n\t<meta property=\"og:image:width\" content=\"600\" \/>\n\t<meta property=\"og:image:height\" content=\"957\" \/>\n\t<meta property=\"og:image:type\" content=\"image\/jpeg\" \/>\n<meta name=\"twitter:card\" content=\"summary_large_image\" \/>\n<meta name=\"twitter:label1\" content=\"Est. reading time\" \/>\n\t<meta name=\"twitter:data1\" content=\"1 minute\" \/>\n<script type=\"application\/ld+json\" class=\"yoast-schema-graph\">{\"@context\":\"https:\/\/schema.org\",\"@graph\":[{\"@type\":\"WebPage\",\"@id\":\"https:\/\/kdham.com\/kdhamproducts\/product\/amrtasiddhiyogah\/\",\"url\":\"https:\/\/kdham.com\/kdhamproducts\/product\/amrtasiddhiyogah\/\",\"name\":\"Amrtasiddhiyogah - Kdhamproducts - Buy Online Kaivalyadhama Publications\",\"isPartOf\":{\"@id\":\"https:\/\/kdham.com\/kdhamproducts\/#website\"},\"primaryImageOfPage\":{\"@id\":\"https:\/\/kdham.com\/kdhamproducts\/product\/amrtasiddhiyogah\/#primaryimage\"},\"image\":{\"@id\":\"https:\/\/kdham.com\/kdhamproducts\/product\/amrtasiddhiyogah\/#primaryimage\"},\"thumbnailUrl\":\"https:\/\/kdham.com\/kdhamproducts\/wp-content\/uploads\/2020\/05\/book-50.jpg\",\"datePublished\":\"2020-05-22T18:47:26+00:00\",\"dateModified\":\"2024-10-13T07:42:33+00:00\",\"breadcrumb\":{\"@id\":\"https:\/\/kdham.com\/kdhamproducts\/product\/amrtasiddhiyogah\/#breadcrumb\"},\"inLanguage\":\"en-US\",\"potentialAction\":[{\"@type\":\"ReadAction\",\"target\":[\"https:\/\/kdham.com\/kdhamproducts\/product\/amrtasiddhiyogah\/\"]}]},{\"@type\":\"ImageObject\",\"inLanguage\":\"en-US\",\"@id\":\"https:\/\/kdham.com\/kdhamproducts\/product\/amrtasiddhiyogah\/#primaryimage\",\"url\":\"https:\/\/kdham.com\/kdhamproducts\/wp-content\/uploads\/2020\/05\/book-50.jpg\",\"contentUrl\":\"https:\/\/kdham.com\/kdhamproducts\/wp-content\/uploads\/2020\/05\/book-50.jpg\",\"width\":600,\"height\":957},{\"@type\":\"BreadcrumbList\",\"@id\":\"https:\/\/kdham.com\/kdhamproducts\/product\/amrtasiddhiyogah\/#breadcrumb\",\"itemListElement\":[{\"@type\":\"ListItem\",\"position\":1,\"name\":\"Home\",\"item\":\"https:\/\/kdham.com\/kdhamproducts\/\"},{\"@type\":\"ListItem\",\"position\":2,\"name\":\"Shop\",\"item\":\"https:\/\/kdham.com\/kdhamproducts\/shop\/\"},{\"@type\":\"ListItem\",\"position\":3,\"name\":\"Amrtasiddhiyogah\"}]},{\"@type\":\"WebSite\",\"@id\":\"https:\/\/kdham.com\/kdhamproducts\/#website\",\"url\":\"https:\/\/kdham.com\/kdhamproducts\/\",\"name\":\"Kdhamproducts - Buy Online Kaivalyadhama Publications\",\"description\":\"Kaivalyadhama - Where Yoga Tradition and science meet\",\"potentialAction\":[{\"@type\":\"SearchAction\",\"target\":{\"@type\":\"EntryPoint\",\"urlTemplate\":\"https:\/\/kdham.com\/kdhamproducts\/?s={search_term_string}\"},\"query-input\":{\"@type\":\"PropertyValueSpecification\",\"valueRequired\":true,\"valueName\":\"search_term_string\"}}],\"inLanguage\":\"en-US\"}]}<\/script>\n<!-- \/ Yoast SEO plugin. -->","yoast_head_json":{"title":"Amrtasiddhiyogah - Kdhamproducts - Buy Online Kaivalyadhama Publications","robots":{"index":"index","follow":"follow","max-snippet":"max-snippet:-1","max-image-preview":"max-image-preview:large","max-video-preview":"max-video-preview:-1"},"canonical":"https:\/\/kdham.com\/kdhamproducts\/product\/amrtasiddhiyogah\/","og_locale":"en_US","og_type":"article","og_title":"Amrtasiddhiyogah - Kdhamproducts - Buy Online Kaivalyadhama Publications","og_description":"Am\u1e5btasidhiyoga\u1e25 is a treatise on siddhayoga. According to its colophon it is composed by a siddha yogi whose name is Vir\u016bp\u0101k\u1e63a Siddha. The word &#8216;Siddha&#8217; indicates that he is related...","og_url":"https:\/\/kdham.com\/kdhamproducts\/product\/amrtasiddhiyogah\/","og_site_name":"Kdhamproducts - Buy Online Kaivalyadhama Publications","article_modified_time":"2024-10-13T07:42:33+00:00","og_image":[{"width":600,"height":957,"url":"https:\/\/kdham.com\/kdhamproducts\/wp-content\/uploads\/2020\/05\/book-50.jpg","type":"image\/jpeg"}],"twitter_card":"summary_large_image","twitter_misc":{"Est. reading time":"1 minute"},"schema":{"@context":"https:\/\/schema.org","@graph":[{"@type":"WebPage","@id":"https:\/\/kdham.com\/kdhamproducts\/product\/amrtasiddhiyogah\/","url":"https:\/\/kdham.com\/kdhamproducts\/product\/amrtasiddhiyogah\/","name":"Amrtasiddhiyogah - Kdhamproducts - Buy Online Kaivalyadhama Publications","isPartOf":{"@id":"https:\/\/kdham.com\/kdhamproducts\/#website"},"primaryImageOfPage":{"@id":"https:\/\/kdham.com\/kdhamproducts\/product\/amrtasiddhiyogah\/#primaryimage"},"image":{"@id":"https:\/\/kdham.com\/kdhamproducts\/product\/amrtasiddhiyogah\/#primaryimage"},"thumbnailUrl":"https:\/\/kdham.com\/kdhamproducts\/wp-content\/uploads\/2020\/05\/book-50.jpg","datePublished":"2020-05-22T18:47:26+00:00","dateModified":"2024-10-13T07:42:33+00:00","breadcrumb":{"@id":"https:\/\/kdham.com\/kdhamproducts\/product\/amrtasiddhiyogah\/#breadcrumb"},"inLanguage":"en-US","potentialAction":[{"@type":"ReadAction","target":["https:\/\/kdham.com\/kdhamproducts\/product\/amrtasiddhiyogah\/"]}]},{"@type":"ImageObject","inLanguage":"en-US","@id":"https:\/\/kdham.com\/kdhamproducts\/product\/amrtasiddhiyogah\/#primaryimage","url":"https:\/\/kdham.com\/kdhamproducts\/wp-content\/uploads\/2020\/05\/book-50.jpg","contentUrl":"https:\/\/kdham.com\/kdhamproducts\/wp-content\/uploads\/2020\/05\/book-50.jpg","width":600,"height":957},{"@type":"BreadcrumbList","@id":"https:\/\/kdham.com\/kdhamproducts\/product\/amrtasiddhiyogah\/#breadcrumb","itemListElement":[{"@type":"ListItem","position":1,"name":"Home","item":"https:\/\/kdham.com\/kdhamproducts\/"},{"@type":"ListItem","position":2,"name":"Shop","item":"https:\/\/kdham.com\/kdhamproducts\/shop\/"},{"@type":"ListItem","position":3,"name":"Amrtasiddhiyogah"}]},{"@type":"WebSite","@id":"https:\/\/kdham.com\/kdhamproducts\/#website","url":"https:\/\/kdham.com\/kdhamproducts\/","name":"Kdhamproducts - Buy Online Kaivalyadhama Publications","description":"Kaivalyadhama - Where Yoga Tradition and science meet","potentialAction":[{"@type":"SearchAction","target":{"@type":"EntryPoint","urlTemplate":"https:\/\/kdham.com\/kdhamproducts\/?s={search_term_string}"},"query-input":{"@type":"PropertyValueSpecification","valueRequired":true,"valueName":"search_term_string"}}],"inLanguage":"en-US"}]}},"_links":{"self":[{"href":"https:\/\/kdham.com\/kdhamproducts\/wp-json\/wp\/v2\/product\/15455","targetHints":{"allow":["GET"]}}],"collection":[{"href":"https:\/\/kdham.com\/kdhamproducts\/wp-json\/wp\/v2\/product"}],"about":[{"href":"https:\/\/kdham.com\/kdhamproducts\/wp-json\/wp\/v2\/types\/product"}],"replies":[{"embeddable":true,"href":"https:\/\/kdham.com\/kdhamproducts\/wp-json\/wp\/v2\/comments?post=15455"}],"wp:featuredmedia":[{"embeddable":true,"href":"https:\/\/kdham.com\/kdhamproducts\/wp-json\/wp\/v2\/media\/16216"}],"wp:attachment":[{"href":"https:\/\/kdham.com\/kdhamproducts\/wp-json\/wp\/v2\/media?parent=15455"}],"wp:term":[{"taxonomy":"product_cat","embeddable":true,"href":"https:\/\/kdham.com\/kdhamproducts\/wp-json\/wp\/v2\/product_cat?post=15455"},{"taxonomy":"product_tag","embeddable":true,"href":"https:\/\/kdham.com\/kdhamproducts\/wp-json\/wp\/v2\/product_tag?post=15455"}],"curies":[{"name":"wp","href":"https:\/\/api.w.org\/{rel}","templated":true}]}}